-20
In base 9, what is 641 + 2?
643
In base 3, what is -1102 - 1?
-1110
In base 12, what is -ba3 + 5?
-b9a
In base 7, what is 3 + 303?
306
In base 14, what is 2 + -49?
-47
In base 12, what is -14 - -7?
-9
In base 7, what is -1500 + 25?
-1442
In base 16, what is -52 + -3?
-55
In base 7, what is 264354 - 0?
264354
In base 16, what is -3 + 93?
90
In base 4, what is -301233 + 3?
-301230
In base 4, what is 11331 + 10?
12001
In base 11, what is 90 + -1?
8a
In base 9, what is 244 + 4?
248
In base 4, what is -30 - 13?
-103
In base 9, what is 78 + 5?
84
In base 15, what is c5 + 1?
c6
In base 8, what is -3 - -15043?
15040
In base 14, what is 48 - -9d?
107
In base 14, what is -2 - -57?
55
In base 8, what is -27 + -15?
-44
In base 7, what is -56 - 5?
-64
In base 14, what is 1c - -349?
367
In base 14, what is 3 + -6?
-3
In base 9, what is 1760 - 3?
1756
In base 6, what is -50134 - 4?
-50142
In base 11, what is -529 - 4?
-532
In base 10, what is -1691 + 0?
-1691
In base 5, what is 3 + 240?
243
In base 8, what is 1242 + -1?
1241
In base 10, what is -212 + -20?
-232
In base 15, what is -7 - 36c?
-374
In base 2, what is 11 + -1011100?
-1011001
In base 15, what is 3a - -b6?
101
In base 16, what is -ab - -9?
-a2
In base 14, what is -2 + -258?
-25a
In base 7, what is -253 - 6?
-262
In base 14, what is -13 + 5b?
48
In base 9, what is -33 - 15?
-48
In base 9, what is -13 - -24?
11
In base 15, what is -5 + 31?
2b
In base 10, what is -5 + 9?
4
In base 7, what is -11 + 10?
-1
In base 14, what is -21 - 4?
-25
In base 12, what is 8910 + 3?
8913
In base 2, what is -110011 + 111?
-101100
In base 15, what is -5 - e7?
-ec
In base 6, what is -402 + 4?
-354
In base 7, what is -114 - -163?
46
In base 2, what is 101 - 100111100?
-100110111
In base 16, what is 363 + 13?
376
In base 8, what is -560 + 10?
-550
In base 12, what is -6 - a6?
-b0
In base 6, what is 444 + 2?
450
In base 3, what is 12 + -10201?
-10112
In base 5, what is -14431 - 2?
-14433
In base 13, what is 1 - 54?
-53
In base 6, what is -204 - 132?
-340
In base 12, what is -2 - -942?
940
In base 13, what is -c + 3?
-9
In base 4, what is -2313 - 11?
-2330
In base 8, what is -6 - 4?
-12
In base 11, what is 2 + -56?
-54
In base 6, what is -13 + -451?
-504
In base 4, what is -33 - 2120?
-2213
In base 12, what is -929 - 0?
-929
In base 4, what is -3203 - 1332?
-11201
In base 15, what is -58 + 3e?
-19
In base 12, what is 3 - 845?
-842
In base 9, what is 3385 - 2?
3383
In base 8, what is -4 + 2?
-2
In base 12, what is 5 + -170?
-167
In base 7, what is 165 + 16?
214
In base 12, what is -39 - 3?
-40
In base 6, what is 414 - 4?
410
In base 4, what is 200 + 111?
311
In base 5, what is -11 - 20?
-31
In base 2, what is -110110111100 + 10?
-110110111010
In base 14, what is -4 + 1a?
16
In base 13, what is 4 - -b6?
ba
In base 7, what is -54 - -106?
22
In base 13, what is 8 - 65c?
-654
In base 6, what is 14 - -3?
21
In base 4, what is -3 + 232320?
232311
In base 9, what is 2 - -1563?
1565
In base 15, what is aa - 2?
a8
In base 3, what is -1001 + 111?
-120
In base 11, what is 1a + 0?
1a
In base 2, what is 111 + -1011?
-100
In base 10, what is -3 + -752?
-755
In base 10, what is -619 - -3?
-616
In base 13, what is 56c + 0?
56c
In base 14, what is -6 - -89?
83
In base 14, what is 4c + 1?
4d
In base 14, what is 96 + -1?
95
In base 7, what is -2224 - 0?
-2224
In base 7, what is 4 - 426?
-422
In base 12, what is -1 + -1aa4?
-1aa5
In base 9, what is -323 + -4?
-327
In base 16, what is -19e2 + -1?
-19e3
In base 12, what is 153 - -3?
156
In base 5, what is -44 + 14?
-30
In base 4, what is 3030 - 11?
3013
In base 4, what is 3 + -1122?
-1113
In base 9, what is -3533 - -4?
-3528
In base 10, what is -4102 + -3?
-4105
In base 3, what is 1 - 21222?
-21221
In base 16, what is 2 - e2?
-e0
In base 12, what is 0 + -541?
-541
In base 6, what is 104 - -4?
112
In base 16, what is 707 + 3?
70a
In base 12, what is 17 + -21?
-6
In base 6, what is -2 + -31?
-33
In base 6, what is 3054 - 4?
3050
In base 9, what is -6 - 52?
-58
In base 11, what is 304 + -1a?
295
In base 11, what is -15 - 0?
-15
In base 2, what is -100100110110 + -1?
-100100110111
In base 6, what is -2 + 4011?
4005
In base 16, what is -1b6 - 4?
-1ba
In base 5, what is 3 - -11230?
11233
In base 16, what is d6 + 39?
10f
In base 11, what is 1035 + 3?
1038
In base 9, what is 0 + -47?
-47
In base 16, what is 4 + -1b1?
-1ad
In base 13, what is 0 + 3a?
3a
In base 16, what is -5 - -374?
36f
In base 4, what is -22 + -310?
-332
In base 11, what is -28 - 20?
-48
In base 4, what is 10 - 102?
-32
In base 12, what is -16 - -31?
17
In base 3, what is -12 + -10001221?
-10002010
In base 6, what is 431 - 15?
412
In base 15, what is -be - -e?
-b0
In base 3, what is -2001 + 1111?
-120
In base 13, what is -4 - -85?
81
In base 10, what is -1113 - 3?
-1116
In base 10, what is 2 + -7711?
-7709
In base 2, what is -101100111 + -101?
-101101100
In base 8, what is -1 + 46?
45
In base 14, what is 5 - -46?
4b
In base 13, what is -4 + 3?
-1
In base 8, what is 747 - -2?
751
In base 5, what is -10 + -1304?
-1314
In base 4, what is 2 + -100300?
-100232
In base 6, what is -3 - -1114?
1111
In base 14, what is -279 + -11?
-28a
In base 12, what is -35 - 12?
-47
In base 15, what is -2 + 36?
34
In base 8, what is 564 + -7?
555
In base 14, what is 2c83 - -5?
2c88
In base 13, what is 0 + -3b?
-3b
In base 16, what is -1e + 1?
-1d
In base 15, what is 2 - -1666?
1668
In base 16, what is 24e - d?
241
In base 9, what is 2 + 1?
3
In base 3, what is 12 - 110202?
-110120
In base 9, what is 4 - -1443?
1447
In base 6, what is -3023 + -50?
-3113
In base 2, what is 1010110101 + -10?
1010110011
In base 11, what is -702 - -2?
-700
In base 16, what is 15 - -bc?
d1
In base 13, what is 169 - 0?
169
In base 5, what is 2 - 2023?
-2021
In base 6, what is 4 - -222?
230
In base 6, what is 101510 - 3?
101503
In base 14, what is 3b69 - 2?
3b67
In base 13, what is 484 - -1?
485
In base 3, what is 111 - 1200?
-1012
In base 8, what is -1 - 262?
-263
In base 16, what is -4 + 32?
2e
In base 13, what is 0 + 682?
682
In base 5, what is -4 - -201?
142
In base 8, what is 167 - 4?
163
In base 9, what is 1 - 1025?
-1024
In base 12, what is -5 + 39?
34
In base 6, what is 0 - -11252?
11252
In base 6, what is -51 - 523?
-1014
In base 14, what is 0 - 21?
-21
In base 9, what is -2766 + -4?
-2771
In base 2, what is -100 - -1000100010010?
1000100001110
In base 16, what is -cd - 5?
-d2
In base 7, what is 4 + -60?
-53
In base 16, what is -5 + -1?
-6
In base 12, what is 4 - 443?
-43b
In base 15, what is -4 - 2e4?
-2e8
In base 4, what is 202233 + -10?
202223
In base 15, what is -3 - 4a?
-4d
In base 15, what is -27 - -14?
-13
In base 7, what is 155 - -155?
343
In base 16, what is 0 - -60?
60
In base 9, what is 45 - 11?
34
In base 7, what is -3 - -136?
133
In base 14, what is -2 - -8?
6
In base 13, what is -43 + 139?
c6
In base 3, what is -101 - 220?
-1021
In base 13, what is 101 - 13?
bb
In base 15, what is 528 - -e?
537
In base 10, what is 62 - 149?
-87
In base 10, what is 1703 + -3?
1700
In base 6, what is 1 + -2121?
-2120
In base 8, what is -130 + 5?
-123
In base 14, what is -24ca - 2?
-24cc
In base 10, what is 53 - -11?
64
In base 9, what is -3 + 112?
108
In base 7, what is -116 + -50?
-166
In base 11, what is -7 + -138?
-144
In base 7, what is 5255 - 5?
5250
In base 4, what is 131111 - -1?
131112
In base 4, what is -3221 + -11?
-3232
In base 11, what is 1 + 232?
233
In base 7, what is -1 + 1024?
1023
In base 11, what is -296 - 1?
-297
In base 10, what is 293 - -3?
296
In base 13, what is -43 + b6?
73
In base 12, what is -2ab - 4?
-2b3
In base 10, what is 160 + -4?
156
In base 4, what is -1 + 12331?
12330
In base 6, what is 5253 - -1?
5254
In base 16, what is -5 + 5da?
5d5
In base 12, what is -1 + -2839?
-283a
In base 2, what is 10011001 - 11?
10010110
In base 13, what is 13 + -23?
-10
In base 5, what is 23 + 32222?
32300
In base 8, what is 20 + 202?
222
In base 4, what is 111020 - 20?
111000
In base 8, what is -602 - 4?
-606
In base 7, what is 1314 - 6?
1305
In base 8, what is -301 + 0?
-301
In base 13, what is 5 - -209?
211
In base 6, what is 5 - 2413?
-2404
In base 12, what is -64 - -18?
-48
In base 10, what is -4 + -85?
-89
In base 3, what is -20 - 110?
-200
In base 2, w